k - 12. Let c(s) = -5*s**2 - 7*s + 14. Let n(w) = -5*c(w) - 6*g(w). Calculate n(5).
-8
Let d(u) = -u**2 + 2. Let m be d(-3). Suppose -k - 4 = 6. Let b = m - k. Let z(o) = -o**2 + 5*o - 2. Calculate z(b).
4
Let p be 2 - (-6 - 2 - -2). Let n(l) = -7*l**3 - 5*l**2 - 5*l - 7. Let t(v) = -11*v**3 - 8*v**2 - 8*v - 11. Let s(x) = p*n(x) - 5*t(x). Determine s(-1).
0
Let u(m) = -34*m - 33. Let g(h) = 7*h + 6. Let o(c) = -11*g(c) - 2*u(c). What is o(1)?
-9
Let u = 7 + -5. Let q(c) = -3*c**3 + 8*c**2 - 2*c. Let y(a) = -10*a**3 + 27*a**2 - 6*a - 1. Let v(o) = 7*q(o) - 2*y(o). What is v(u)?
-2
Let q(r) = r - 3. Let a = -61 - -114. Let d = a - 48. What is q(d)?
2
Let b(m) = 3 - 2*m + 12*m - 1 - 5. Suppose 5*t = -3*u + 16, t - 7*u + 8 = -2*u. What is b(t)?
17
Let h(g) = -5*g + 2. Let f(a) = -4*a + 1. Let s(i) = -6*f(i) + 5*h(i). Let u = 29 - 11. Let k be (-3)/6 - u/(-4). What is s(k)?
0
Suppose -5 = 6*p - 5*p. Let y(m) = 375 + 6*m + 0*m**2 + m**3 - 372 + 6*m**2. What is y(p)?
-2
Let j(a) = 9*a + 61. Let g be j(-7). Let b(l) = -3*l - 3. Give b(g).
3
Suppose 127*f + 40 = 131*f. Let w(g) = 2*g**2 - 20*g - 5. What is w(f)?
-5
Let f(r) = -31 + 89 - 25 + 4*r - 31. What is f(-1)?
-2
Suppose -3*p + 861 = 5*y, y - 2*p = 3*p + 189. Suppose 0 = -6*d + y - 6. Let o = -31 + d. Let a(f) = -3*f**2 - 3*f + 2. Calculate a(o).
-16
Let p(w) = -w + 14. Let u be 170/2*(-2)/(-5). Suppose u = -0*r - 3*r + 4*l, 4*l = 5*r + 46. Let x be r/8 - 135/(-20). Determine p(x).
8
Let m be 3/((-30)/4)*-15. Let y(o) be the first derivative of 3*o**2/2 - 5*o + 10. Determine y(m).
13
Let k(i) = i**2 + 7*i + 1. Let d = 25 - 28. Let r(f) = f**2 + 7*f. Let u be ((-1)/2)/((-3)/12). Let c(m) = d*k(m) + u*r(m). What is c(-5)?
7
Let n(g) = -g**3 + 3*g**2 + 4*g - 4. Suppose -4 + 44 = 10*z. Determine n(z).
-4
Let y = -933 - -929. Let t(a) = a**3 + 2*a**2 - 6*a + 1. Determine t(y).
-7
Let f(y) = y**2 - 4*y - 5. Suppose -5*l + 0*x + 2*x + 9 = 0, l = x. Suppose 0 = -4*z + 2*b + 12, -3*b - l = -3*z - 0*z. Determine f(z).
0
Suppose 5*a - 3*v = -20, 0 = 3*a + 2*a + v + 40. Let s(y) be the first derivative of -10 - 2*y**3 + 5/2*y**2 - 10*y - 1/4*y**4. Determine s(a).
4
Let z be 57/9 - (-2)/3. Suppose 2 = 9*w - z*w. Let i be (-13 - -12)*w*-1. Let v(k) = 2*k**3 + k**2 - 1. Calculate v(i).
2
Suppose -21 = 5*y - l, 12 = 3*y - 7*y + 2*l. Let h(v) be the third derivative of v**5/60 + 5*v**4/24 - v**3 - 2*v**2. Calculate h(y).
-6
Let x(u) = u**3 + 7*u**2 + u - 7. Let h(k) be the second derivative of k**4/12 + 5*k**3/6 - 7*k**2/2 - 4*k. Let b be h(-5). Calculate x(b).
-14
Let t(h) = -60 + h + 30 + 40. Determine t(8).
18
Suppose h - 7 = -5. Suppose -2*y = -3*i + 19, -4*y = h*i - y + 9. Let r(c) = 4*c**2 - 2*c**3 - c**3 - 4*c + 2*c**3 - 1. Determine r(i).
-4
Let p(j) = -j + 2. Let a be (-12)/8*(-136)/12. Suppose -20*t = -a*t - 15. Determine p(t).
-3
Suppose 31*a = 52 + 196. Let y(v) = v**2 - 10*v - 5. Determine y(a).
-21
Let f(a) = -4*a**2 + 5*a + 16. Let t(i) = i**2 - 5. Let c(x) = f(x) + 3*t(x). Determine c(5).
1
Let t(q) = 4*q**3 + 23*q**2 - 7*q - 28. Let o(y) = y**3 + 6*y**2 - 2*y - 7. Let k(v) = -9*o(v) + 2*t(v). Determine k(-8).
-25
Let m(s) = -2*s**2 - 26*s - 25. Let r be (7 - (-519)/(-27)) + 6/27. Determine m(r).
-1
Let r(u) = u**3 - 5*u**2 - 5*u - 3. Let h(z) = -1. Let f(q) = -3*h(q) - r(q). Let k be (-13 - -3)*(-6)/(-4). Let v = k - -21. Determine f(v).
0
Let u = 3 + -5. Suppose -5*j - 8*j = 78. Let a be (j/(-12))/(u/(-4)). Let p(h) = -3*h**3 - h**2. Determine p(a).
-4
Let h(t) be the first derivative of t**3/3 + t**2/2 + 11*t + 1. Let f(u) = -u - 1. Let a be ((-40)/12)/(2/3). Let y(r) = a*f(r) - h(r). Give y(5).
-11
Suppose 65 = 54*x - 59*x. Let s(f) = f**3 + 13*f**2 - f - 18. Determine s(x).
-5
Let w(u) = -6*u**2 - 15*u - 29. Let x(o) = o**2 + 3*o + 6. Let b(j) = 2*w(j) + 11*x(j). Suppose -3*l + 12 = 0, 5*l - l = -3*c + 34. Give b(c).
-10
Suppose 4*d = -2 + 50. Suppose -d*k = -7*k + 30. Let j(f) = f**2 + 5*f - 8. Calculate j(k).
-2
Let u be 20/(-30)*((-58)/(-4) + 2). Let m(k) = -k - 9. What is m(u)?
2
Suppose 4*o = 5*o - 10*o. Let m(u) be the third derivative of 4*u**2 + o*u**4 + 1/60*u**5 - 1/3*u**3 + 0 + 0*u. Determine m(-3).
7
Let w(p) = -p + 1. Suppose -12 = -2*n + 2. Suppose -y = 1, 4*d = 4*y - n*y + 1. Let s(b) = 9*b - 4. Let i(a) = d*s(a) + 4*w(a). Give i(-2).
-10
Let r be (-126)/(-26) - 4/(-26). Suppose 2*i - r*x = 25, x + 0*x - 17 = -4*i. Let y(z) = 4*z**2 + z + 2*z**2 + 1 - i*z**2. Calculate y(3).
13
Let z(s) = -20*s - 5. Let n be z(-2). Let i = n + -40. Let w(g) = g - 1. Let r(l) = 4*l - 3. Let u(f) = r(f) - 3*w(f). Determine u(i).
-5
Let l(c) = -c**2. Suppose -4*h = 2*i - 8, -h + 160 = -2*i + 168. Calculate l(h).
0
Let r be ((-8)/6)/((-3)/(-9)). Let m(c) = 30*c**2 + 32*c**2 + 29*c**2 - 90*c**2. Determine m(r).
16
Let j(h) be the first derivative of -h**2/2 - 13*h - 1. Suppose 7*t + 120 = -5*t. Let x be j(t). Let w(k) = k + 3. What is w(x)?
0
Let w(x) be the first derivative of -x**3/3 - 9*x**2/2 - x - 44. What is w(-8)?
7
Let v(g) = 14 - g - g - 5. Suppose -6*x = -5*x + 3*c + 9, -5*c - 37 = -2*x. What is v(x)?
-3
Let w(j) = 2*j + 5. Let m(x) = -x**3 + 6*x**2 + 3*x + 5. Let v be m(5). Suppose -d = 4*d - v. Let p be (-2)/((d/6)/3). What is w(p)?
-3
Let n(m) = 7*m**3 + 4*m**2 - 8*m + 4. Let b(d) = -13*d**3 - 7*d**2 + 15*d - 8. Let r(z) = 6*b(z) + 11*n(z). Determine r(4).
-28
Suppose 36 = 4*i + 5*n, -6*n + 8 = -i - 3*n. Let z(w) be the first derivative of -i - 1/2*w**2 - w. What is z(4)?
-5
Let a(h) be the second derivative of h**4/12 - 3*h**3/2 + 7*h**2/2 + h. Let x(c) = 28*c + 4*c**2 - 7*c**2 + 8 - 30. Let k(n) = -7*a(n) - 2*x(n). Calculate k(5).
5
Let w = 163 - 173. Let h(m) = -m**3 - 9*m**2 + 11*m - 3. Give h(w).
-13
Suppose 7*g - 5*g - 20 = 0. Let z be 60/(-4)*(-12)/g. Let m be 10*(z/5 + -3). Let q(p) = p**3 - 5*p**2 - 5*p - 4. Calculate q(m).
2
Let z(h) be the second derivative of h**5/20 + 3*h**4/4 + h**3/6 + 5*h**2 + 189*h. Determine z(-9).
1
Let g be (0 + 1/(-2))*2. Suppose 0 = 3*j + 3, -2*y - 3*y + 33 = 2*j. Let k(d) = 4 - 4*d**3 + d + y*d**3 - 4 + 1. Give k(g).
-3
Let y(v) = v - 2. Suppose -3*o + 6 = -24. Let n = 6 - o. Give y(n).
-6
Let r = 19 + -4. Suppose -4*j + u = -3*j - 7, 3*u + r = 0. Let m(t) = 2 + 15*t**3 - 2*t**2 - 3 - 14*t**3 + j*t. What is m(2)?
3
Suppose 0 = -2*u - 2*x + 32 - 4, -4*u + 3*x = -56. Suppose 7*b - 5*b = u. Let s(d) = d - 3. Give s(b).
4
Let l(m) = -m**2 + 1 - 1912580*m - 13*m**3 + 1912580*m. Let b = 2 + -1. Determine l(b).
-13
Let p(b) = -2*b**2 + 48*b - 25. Let l(h) = 3*h**2 - 75*h + 37. Let j(g) = 5*l(g) + 8*p(g). Determine j(5).
5
Let d(u) be the first derivative of -u**6/360 + u**5/24 + 5*u**4/24 + u**3 - 17. Let l(w) be the third derivative of d(w). What is l(5)?
5
Let h be 2/(-1) + 3 + 2 - -3. Let l(g) = -3*g + 21. Let j be l(h). Let v(m) = -m**3 + 2*m**2 + m - 2. Determine v(j).
-8
Suppose -4*j + 0 = -8. Let k(u) = 2*u + 6. Let l(h) = h - 3. Let i(t) = -1. Let v(s) = 4*i(s) - l(s). Let b(x) = k(x) + 4*v(x). Give b(j).
-2
Let y(n) = -3*n - 12. Suppose 0 = -9*i + 6*i - 15. Let l be y(i). Let u(q) = 39*q**l + 32*q**3 + q - 72*q**3 + 10 - 8*q**2. Give u(-8).
2
Let h(m) be the third derivative of m**5/60 + 5*m**4/24 + m**3/6 + 3*m**2 + 18*m. Give h(-4).
-3
Let r(i) = i**2 - 5*i - 8. Let k be r(6). Let u(v) = 9*v - 3. Let c(p) = -26*p + 8. Let q(b) = -2*b + 4. Let x be q(-5). Let a(w) = x*u(w) + 5*c(w). Give a(k).
6
Let t(r) = r**3 - 24*r**2 - 144*r - 31. Let b be t(29). Let c(v) = 20*v - 2. Calculate c(b).
-42
Let k(b) be the third derivative of b**8/672 + b**7/2520 + b**4/3 + 8*b**2. Let s(a) be the second derivative of k(a). What is s(1)?
11
Let t(k) be the first derivative of -3*k**2 - 4*k - 1. Suppose 22*s + 15 = 27*s. Suppose 3*z + 19 = s*w + 2*w, -5*z - 19 = -2*w. What is t(z)?
14
Let x(u) = -u**2 - 10*u - 23. Let a be x(-6). Let c(s) = -15*s**3 - 1. What is c(a)?
-16
Let j(i) = i - 2. Let u be j(4). Let o(d) be the third derivative of -d**6/120 - d**4/8 + d**3/6 - d**2 + 74. Give o(u).
-13
Let m(z) = -27*z**2 - 39*z - 26. Let y(s) = 5*s**2 + 8*s + 5. Let l(f) = -2*m(f) - 11*y(f). Suppose -4*q - 2*g + 4*g - 22 = 0, -3*g = -4*q - 17. Calculate l(q).
13
Let y(i) = -3 - 5 + 2*i - 2 + 14. Calculate y(-4).
-4
Suppose 0 = 2*q + 6 - 26. Let p(z) = 5*z**2 - z*